{"id":5026,"date":"2020-02-02T14:31:44","date_gmt":"2020-02-02T22:31:44","guid":{"rendered":"https:\/\/integrativewellnessandmovement.com\/iwmbasicscience\/?page_id=5026"},"modified":"2020-02-05T22:54:49","modified_gmt":"2020-02-06T06:54:49","slug":"2019-ncov-references","status":"publish","type":"page","link":"https:\/\/integrativewellnessandmovement.com\/iwmbasicscience\/2019-ncov-references\/","title":{"rendered":"2019-nCoV References"},"content":{"rendered":"\n<p class=\"has-normal-font-size\"><strong>SPECIAL MENU<\/strong>:  <a href=\"https:\/\/integrativewellnessandmovement.com\/iwmbasicscience\/2019-ncov-articles-index\/\">Articles Index<\/a> | <a href=\"https:\/\/integrativewellnessandmovement.com\/iwmbasicscience\/2019-ncov-research-search-engines\/\">Research Search Engines<\/a> | <a href=\"https:\/\/integrativewellnessandmovement.com\/iwmbasicscience\/2019-ncov-references\/\">References<\/a>      <\/p>\n\n\n\n<hr class=\"wp-block-separator is-style-wide\"\/>\n\n\n\n<p>AMBOSS: Medical Knowledge Distilled. (2018, July 25).&nbsp;<em>Viruses &#8211; Part 1: Enveloped and non-enveloped viruses<\/em>&nbsp;[Video]. Retrieved from https:\/\/youtu.be\/miOPtXTeHYE<\/p>\n\n\n\n<p>AMBOSS: Medical Knowledge Distilled. (2018, August 1).&nbsp;<em>Viruses &#8211; Part 2: DNA vs. RNA viruses<\/em>&nbsp;[Video]. Retrieved from https:\/\/youtu.be\/IvMnnvv5NBA<\/p>\n\n\n\n<p>AMBOSS: Medical Knowledge Distilled. (2018, August 7).&nbsp;<em>Viruses &#8211; Part 3: Viral replication process<\/em>&nbsp;[Video]. Retrieved from https:\/\/youtu.be\/-DGkZ2AM7RU<\/p>\n\n\n\n<p>Benvenuto, D., Giovanetti, M., Ciccozzi, A., Spoto, S., Angeletti, S., &amp; Ciccozzi, M. (2020). The 2019-new Coronavirus epidemic: evidence for virus evolution.&nbsp;<em>bioRxiv<\/em>. <\/p>\n\n\n\n<p>Burrell,&nbsp;C.&nbsp;J., Howard,&nbsp;C.&nbsp;R., &amp; Murphy,&nbsp;F.&nbsp;A. (2016).&nbsp;<em>Fenner and White&#8217;s Medical Virology, 5<\/em>. <\/p>\n\n\n\n<p>Cao,&nbsp;Z., Zhang,&nbsp;Q., Lu,&nbsp;X., Pfeiffer,&nbsp;D., Jia,&nbsp;Z., Song,&nbsp;H., &amp; Zeng,&nbsp;D. (2020). Estimating the effective reproduction number of the 2019-nCoV in China.&nbsp;<em>medRxiv<\/em>. https:\/\/doi.org\/10.1101\/2020.01.27.20018952 <\/p>\n\n\n\n<p>CDD Vault. (2020, January 30). Coronavirus (2019-nCoV): The Facts. https:\/\/www.collaborativedrug.com\/coronavirus-2019-ncov-facts\/ <\/p>\n\n\n\n<p>Centers for Disease Control (CDC), &amp; National Center for Immunization and Respiratory Diseases (NCIRD), Division of Viral Diseases. (2020, January 31). Transmission of Novel Coronavirus (2019-nCoV). Retrieved&nbsp;February&nbsp;5, 2020, from https:\/\/www.cdc.gov\/coronavirus\/2019-ncov\/about\/transmission.html <\/p>\n\n\n\n<p>CEA Sciences. (2019, December 16).&nbsp;<em>The cryo-electron microscopy: a structural biology revolution<\/em>&nbsp;[Video]. <a rel=\"noreferrer noopener\" aria-label=\" (opens in a new tab)\" href=\"https:\/\/youtu.be\/0hUKl23giLM\" target=\"_blank\">https:\/\/youtu.be\/0hUKl23giLM<\/a> <\/p>\n\n\n\n<p>Center for Infectious Disease Dynamics (CIDD). (2014a, March 19).&nbsp;<em>Week 1 Video 5: Reproductive Number<\/em>&nbsp;[Video]. <a rel=\"noreferrer noopener\" aria-label=\" (opens in a new tab)\" href=\"https:\/\/youtu.be\/ju26rvzfFg4\" target=\"_blank\">https:\/\/youtu.be\/ju26rvzfFg4<\/a> <\/p>\n\n\n\n<p>Center for Infectious Disease Dynamics (CIDD). (2014b, March 19).&nbsp;<em>Week 1 Video 6: Epidemic Curve<\/em>&nbsp;[Video]. https:\/\/youtu.be\/sSLfrSSmJZM <\/p>\n\n\n\n<p>Chan, J. F. W., Yuan, S., Kok, K. H., To, K. K. W., Chu, H., Yang, J., &#8230; &amp; Tsoi, H. W. (2020). A familial cluster of pneumonia associated with the 2019 novel coronavirus indicating person-to-person transmission: a study of a family cluster.&nbsp;<em>The Lancet<\/em>. <\/p>\n\n\n\n<p>Chemspider. (n.d.). N-Acetylneuraminic acid | C11H19NO9. Retrieved&nbsp;February&nbsp;4, 2020, from https:\/\/www.chemspider.com\/Chemical-Structure.10292217.html <\/p>\n\n\n\n<p>Chen, Y., Liu, Q., &amp; Guo, D. Coronaviruses: genome structure, replication, and pathogenesis.&nbsp;<em>Journal of Medical Virology<\/em>. <\/p>\n\n\n\n<p>Chirombo, J., Diggle, P. J., Terlouw, D. J., &amp; Read, J. M. (2018). Estimation of spatially varying effective reproduction numbers for infectious disease epidemics.&nbsp;<em>Modelling spatial processes of infectious diseases<\/em>, 39. <\/p>\n\n\n\n<p>Chirumbolo, S. (2010). The role of quercetin, flavonols and flavones in modulating inflammatory cell function.&nbsp;<em>Inflammation &amp; Allergy-Drug Targets (Formerly Current Drug Targets-Inflammation &amp; Allergy)<\/em>,&nbsp;<em>9<\/em>(4), 263-285. <\/p>\n\n\n\n<p>Cintr\u00f3n-Arias,\u00a0A. (2015, November 4).\u00a0<em>East Tennessee State University MATH 5880 Basic reproductive number<\/em>\u00a0[Video]. https:\/\/youtu.be\/ItW-Q6Npapo <\/p>\n\n\n\n<p>Cohen,\u00a0J. (2020, January 31). Mining coronavirus genomes for clues to the outbreak\u2019s origins. Retrieved\u00a0February\u00a05, 2020, from https:\/\/www.sciencemag.org\/news\/2020\/01\/mining-coronavirus-genomes-clues-outbreak-s-origins <\/p>\n\n\n\n<p>Corman, V. M., Landt, O., Kaiser, M., Molenkamp, R., Meijer, A., Chu, D. K., &#8230; &amp; Mulders, D. G. (2020). Detection of 2019 novel coronavirus (2019-nCoV) by real-time RT-PCR.&nbsp;<em>Eurosurveillance<\/em>,&nbsp;<em>25<\/em>(3), 2000045. <\/p>\n\n\n\n<p>de Wit, E., van Doremalen, N., Falzarano, D., &amp; Munster, V. J. (2016). SARS and MERS: recent insights into emerging coronaviruses.&nbsp;<em>Nature Reviews Microbiology<\/em>,&nbsp;<em>14<\/em>(8), 523. <\/p>\n\n\n\n<p>Delamater, P. L., Street, E. J., Leslie, T. F., Yang, Y. T., &amp; Jacobsen, K. H. (2019). Complexity of the basic reproduction number (R0).&nbsp;<em>Emerging infectious diseases<\/em>,&nbsp;<em>25<\/em>(1), 1. <\/p>\n\n\n\n<p>Dong, N., Yang, X., Ye, L., Chen, K., Chan, E. W. C., Yang, M., &amp; Chen, S. (2020). Genomic and protein structure modelling analysis depicts the origin and infectivity of 2019-nCoV, a new coronavirus which caused a pneumonia outbreak in Wuhan, China.&nbsp;<em>bioRxiv<\/em>. <\/p>\n\n\n\n<p>European Centre for Disease Prevention and Control (ECDC). (2020, January 31). Disease background of 2019-nCoV. Retrieved from https:\/\/www.ecdc.europa.eu\/en\/2019-ncov-background-disease <\/p>\n\n\n\n<p>Fung, T. S., &amp; Liu, D. X. (2018). Post-translational modifications of coronavirus proteins: roles and function.&nbsp;<em>Future Virology<\/em>,&nbsp;<em>13<\/em>(6), 405-430. <\/p>\n\n\n\n<p>Graham, R. L., Donaldson, E. F., &amp; Baric, R. S. (2013). A decade after SARS: strategies for controlling emerging coronaviruses.&nbsp;<em>Nature Reviews Microbiology<\/em>,&nbsp;<em>11<\/em>(12), 836-848. <\/p>\n\n\n\n<p>Gralinski, L. E., &amp; Menachery, V. D. (2020). Return of the Coronavirus: 2019-nCoV.&nbsp;<em>Viruses<\/em>,&nbsp;<em>12<\/em>(2), 135. <\/p>\n\n\n\n<p>Greens,&nbsp;K. (2020, February 4). Report of asymptomatic transmission of 2019-nCoV inaccurate. Retrieved from https:\/\/www.the-scientist.com\/news-opinion\/report-of-asymptomatic-transmission-of-2019-ncov-inaccurate-67060 <\/p>\n\n\n\n<p>Harrison,&nbsp;S., &amp; Harvard Howard Hughes Medical Institute (HHMI). (2012a, March 24).&nbsp;<em>Part 2: Viral membrane fusion<\/em>&nbsp;[Video]. Retrieved from https:\/\/youtu.be\/qcepGvFUM38 <\/p>\n\n\n\n<p>Harrison,&nbsp;S., &amp; Harvard Howard Hughes Institute (HHMI). (2012b, March 14).&nbsp;<em>Part 3: Non-enveloped virus entry<\/em>&nbsp;[Video]. Retrieved from https:\/\/youtu.be\/-1tSBwE1Wuk <\/p>\n\n\n\n<p>Harrison,&nbsp;S., &amp; Harvard Howard Hughes Medical Institute (HHMI). (2013c, November 1).&nbsp;<em>Class 1 viral fusion proteins<\/em>&nbsp;[Video]. Retrieved from https:\/\/youtu.be\/FcX9mD8rvYw <\/p>\n\n\n\n<p>Helen Roxburgh, AFP. (2020, January 21). Here&#8217;s What Scientists Know So Far About The &#8216;Novel Coronavirus&#8217; From China. https:\/\/www.sciencealert.com\/here-s-what-scientists-know-so-far-about-the-novel-coronavirus-from-china <\/p>\n\n\n\n<p>HKU, N. Interim 2019 novel coronavirus (2019-nCoV) patient under investigation (PUI) form.<\/p>\n\n\n\n<p>Huang, C., Wang, Y., Li, X., Ren, L., Zhao, J., Hu, Y., &#8230; &amp; Cheng, Z. (2020). Clinical features of patients infected with 2019 novel coronavirus in Wuhan, China.&nbsp;<em>The Lancet<\/em>. <\/p>\n\n\n\n<p>Hui, D. S., Madani, T. A., Ntoumi, F., Kock, R., Dar, O., Ippolito, G., &#8230; &amp; Petersen, E. (2020). The continuing 2019-nCoV epidemic threat of novel coronaviruses to global health-The latest 2019 novel coronavirus outbreak in Wuhan, China.&nbsp;<em>International journal of infectious diseases: IJID: official publication of the International Society for Infectious Diseases<\/em>,&nbsp;<em>91<\/em>, 264. <\/p>\n\n\n\n<p>Jiangang, F., Ling, D., Zhang, L., &amp; Hongmei, L. (2013). Houttuynia cordata Thunb: a review of phytochemistry and pharmacology and quality control.&nbsp;<em>Chinese Medicine<\/em>,&nbsp;<em>2013<\/em>. <\/p>\n\n\n\n<p>Khan Academy Medicine. (2014, October 12).&nbsp;<em>R nought and vaccine coverage<\/em>&nbsp;[Video]. <a href=\"https:\/\/www.youtube.com\/watch?v=sMA116kzyK4\" target=\"_blank\" rel=\"noreferrer noopener\" aria-label=\" (opens in a new tab)\">https:\/\/www.youtube.com\/watch?v=sMA116kzyK4<\/a> <\/p>\n\n\n\n<p>Khan Academy Medicine. (2014, October 12).&nbsp;<em>Understanding R nought<\/em>&nbsp;[Video]. <a rel=\"noreferrer noopener\" aria-label=\" (opens in a new tab)\" href=\"https:\/\/youtu.be\/jKUGZvW99os\" target=\"_blank\">https:\/\/youtu.be\/jKUGZvW99os<\/a> <\/p>\n\n\n\n<p>Kupferschmidt,&nbsp;K. (2020, February 3). Study claiming new coronavirus can be transmitted by people without symptoms was flawed. Retrieved from https:\/\/www.sciencemag.org\/news\/2020\/02\/paper-non-symptomatic-patient-transmitting-coronavirus-wrong <\/p>\n\n\n\n<p>Langereis, M. A., Zeng, Q., Heesters, B., Huizinga, E. G., &amp; De Groot, R. J. (2012). The murine coronavirus hemagglutinin-esterase receptor-binding site: a major shift in ligand specificity through modest changes in architecture.&nbsp;<em>PLoS pathogens<\/em>,&nbsp;<em>8<\/em>(1). <\/p>\n\n\n\n<p>Letko, M. C., &amp; Munster, V. (2020). Functional assessment of cell entry and receptor usage for lineage B \u03b2-coronaviruses, including 2019-nCoV.&nbsp;<em>bioRxiv<\/em>.<\/p>\n\n\n\n<p>Li, W., Zhou, P., Zhang, Y., &amp; He, L. (2011). Houttuynia cordata, a novel and selective COX-2 inhibitor with anti-inflammatory activity.&nbsp;<em>Journal of ethnopharmacology<\/em>,&nbsp;<em>133<\/em>(2), 922-927. <\/p>\n\n\n\n<p>Li, Z., Tomlinson, A. C., Wong, A. H., Zhou, D., Desforges, M., Talbot, P. J., &#8230; &amp; Rini, J. M. (2019). The human coronavirus HCoV-229E S-protein structure and receptor binding.&nbsp;<em>eLife<\/em>,&nbsp;<em>8<\/em>. <\/p>\n\n\n\n<p>Li F. (2016). Structure, Function, and Evolution of Coronavirus Spike Proteins.&nbsp;<em>Annual review of virology<\/em>,&nbsp;<em>3<\/em>(1), 237\u2013261. doi:10.1146\/annurev-virology-110615-042301 <\/p>\n\n\n\n<p>Li, F. (2015). Receptor recognition mechanisms of coronaviruses: a decade of structural studies.&nbsp;<em>Journal of virology<\/em>,&nbsp;<em>89<\/em>(4), 1954-1964. <\/p>\n\n\n\n<p>Lin, L. T., Hsu, W. C., &amp; Lin, C. C. (2014). Antiviral natural products and herbal medicines.&nbsp;<em>Journal of traditional and complementary medicine<\/em>,&nbsp;<em>4<\/em>(1), 24-35. <\/p>\n\n\n\n<p>Lu, Y., Jiang, Y., Ling, L., Zhang, Y., Li, H., &amp; Chen, D. (2018). Beneficial effects of Houttuynia cordata polysaccharides on \u201ctwo-hit\u201d acute lung injury and endotoxic fever in rats associated with anti-complementary activities.&nbsp;<em>Acta pharmaceutica sinica B<\/em>,&nbsp;<em>8<\/em>(2), 218-227. <\/p>\n\n\n\n<p>Luo, G., &amp; Gao, S. J. Global Health Concern Stirred by Emerging Viral Infections.&nbsp;<em>Journal of Medical Virology<\/em>. <\/p>\n\n\n\n<p>Mahase, E. (2020). China coronavirus: what do we know so far?. <\/p>\n\n\n\n<p>Ming, L. J., &amp; Yin, A. C. Y. (2013). Therapeutic effects of glycyrrhizic acid.&nbsp;<em>Natural product communications<\/em>,&nbsp;<em>8<\/em>(3), 1934578X1300800335.<\/p>\n\n\n\n<p>Mora-D\u00edaz, J. C., Pi\u00f1eyro, P. E., Houston, E., Zimmerman, J., &amp; Gim\u00e9nez-Lirola, L. G. (2019). Porcine Hemagglutinating Encephalomyelitis Virus: A Review.&nbsp;<em>Frontiers in veterinary science<\/em>,&nbsp;<em>6<\/em>. <\/p>\n\n\n\n<p>Morgridge Institute for Research. (2019, December 16). Coronavirus Fact Sheet. https:\/\/morgridge.org\/outreach\/teaching-resources\/virology-immunology\/coronavirus-fact-sheet\/ <\/p>\n\n\n\n<p>Nakagawa, K., Lokugamage, K. G., &amp; Makino, S. (2016). Viral and cellular mRNA translation in coronavirus-infected cells. In&nbsp;<em>Advances in virus research<\/em>&nbsp;(Vol. 96, pp. 165-192). Academic Press. <\/p>\n\n\n\n<p>National Human Genome Research Institute (NHGRI). (n.d.). Open Reading Frame. Retrieved from https:\/\/www.genome.gov\/genetics-glossary\/Open-Reading-Frame <\/p>\n\n\n\n<p>The New England Journal of Medicine (NEJM). (2020, January 30). Transmission of 2019-nCoV infection from an asymptomatic contact in Germany. Retrieved from https:\/\/www.nejm.org\/doi\/full\/10.1056\/NEJMc2001468 <\/p>\n\n\n\n<p>Nishiura, H., Jung, S. M., Linton, N. M., Kinoshita, R., Yang, Y., Hayashi, K., &#8230; &amp; Akhmetzhanov, A. R. (2020). The Extent of Transmission of Novel Coronavirus in Wuhan, China, 2020. <\/p>\n\n\n\n<p>Paraskevis, D., Kostaki, E. G., Magiorkinis, G., Panayiotakopoulos, G., Sourvinos, G., &amp; Tsiodras, S. (2020). Full-genome evolutionary analysis of the novel corona virus (2019-nCoV) rejects the hypothesis of emergence as a result of a recent recombination event.\u00a0<em>Infection, Genetics and Evolution<\/em>, 104212. <\/p>\n\n\n\n<p>Parry, J. (2020). China coronavirus: cases surge as official admits human to human transmission. <\/p>\n\n\n\n<p>Perlman, S., &amp; Netland, J. (2009). Coronaviruses post-SARS: update on replication and pathogenesis.&nbsp;<em>Nature reviews microbiology<\/em>,&nbsp;<em>7<\/em>(6), 439-450.<\/p>\n\n\n\n<p>Picard-Jean, F., Tremblay-L\u00e9tourneau, M., Serra, E., Dimech, C., Schulz, H., Anselin, M., &#8230; &amp; Bisaillon, M. (2013). RNA 5\u2032-end maturation: a crucial step in the replication of viral genomes.&nbsp;<em>Current Issues in Molecular Virology: Viral Genetics and Biotechnological Applications<\/em>, 27. <\/p>\n\n\n\n<p>Purdue News Service. (2020, January 22). Coronavirus therapies slowed by intermittent nature of outbreaks. https:\/\/www.purdue.edu\/newsroom\/releases\/2020\/Q1\/coronavirus-therapies-slowed-by-intermittent-nature-of-outbreaks.html <\/p>\n\n\n\n<p>Racaniello,&nbsp;V. (2014, February 14).&nbsp;<em>Plus strand RNA synthesis<\/em>&nbsp;[Video]. Retrieved from https:\/\/youtu.be\/mvz3ggZI5-o <\/p>\n\n\n\n<p>Read, J. M., Bridgen, J. R., Cummings, D. A., Ho, A., &amp; Jewell, C. P. (2020). Novel coronavirus 2019-nCoV: early estimation of epidemiological parameters and epidemic predictions.&nbsp;<em>medRxiv<\/em>. <\/p>\n\n\n\n<p>Riou, J., &amp; Althaus, C. L. (2020). Pattern of early human-to-human transmission of Wuhan 2019-nCoV.\u00a0<em>bioRxiv<\/em>. <\/p>\n\n\n\n<p>Robertson,\u00a0D.\u00a0L. (2020, January 26). nCoV&#8217;s relationship to bat coronaviruses &amp; recombination signals (no snakes) &#8211; no evidence the 2019-nCoV lineage is recombinant. Retrieved\u00a0February\u00a05, 2020, from https:\/\/virological.org\/t\/ncovs-relationship-to-bat-coronaviruses-recombination-signals-no-snakes-no-evidence-the-2019-ncov-lineage-is-recombinant\/331 <\/p>\n\n\n\n<p>Roy, K., Kanwar, R. K., &amp; Kanwar, J. R. (2012). Targeting viral hepatitis using natural milk protein and traditional medicinal herbs.&nbsp;<em>J Clin Cell Immunol<\/em>,&nbsp;<em>3<\/em>(130), 2.<\/p>\n\n\n\n<p>Schoeman, D., &amp; Fielding, B. C. (2019). Coronavirus envelope protein: current knowledge.&nbsp;<em>Virology journal<\/em>,&nbsp;<em>16<\/em>(1), 69. <\/p>\n\n\n\n<p>Shang, J., Zheng, Y., Yang, Y., Liu, C., Geng, Q., Luo, C., &#8230; &amp; Li, F. (2018). Cryo-EM structure of infectious bronchitis coronavirus spike protein reveals structural and functional evolution of coronavirus spike proteins.&nbsp;<em>PLoS pathogens<\/em>,&nbsp;<em>14<\/em>(4), e1007009.&nbsp; <\/p>\n\n\n\n<p>Shi, Z. L., Zhou, P., Yang, X. L., Wang, X. G., Hu, B., Zhang, L., &#8230; &amp; Huang, C. L. (2020). Discovery of a novel coronavirus associated with the recent pneumonia outbreak in humans and its potential bat origin.&nbsp;<em>bioRxiv<\/em>.<\/p>\n\n\n\n<p>Sino Biological. (n.d.). Coronavirus. Retrieved&nbsp;January&nbsp;31, 2020, from https:\/\/www.sinobiological.com\/coronavirus-a-6108.html <\/p>\n\n\n\n<p>Sino Biological. (n.d.). Spike Protein \/ S Protein. Retrieved&nbsp;January&nbsp;31, 2020, from https:\/\/www.sinobiological.com\/spike-protein-s-protein-a-6115.html <\/p>\n\n\n\n<p>Thermo Scientific EM &amp; Spectroscopy. (2017, November 16).&nbsp;<em>Coronavirus spike proteins<\/em>&nbsp;[Video]. <a rel=\"noreferrer noopener\" aria-label=\" (opens in a new tab)\" href=\"https:\/\/youtu.be\/453zjjUllRg\" target=\"_blank\">https:\/\/youtu.be\/453zjjUllRg<\/a> <\/p>\n\n\n\n<p>Thomas, S. T. L., &amp; Wai, C. Y. (2010). The lessons of SARS in Hong Kong.&nbsp;<em>Clinical medicine<\/em>,&nbsp;<em>10<\/em>(1), 50. <\/p>\n\n\n\n<p>Tok, T. T., &amp; Tatar, G. (2017). Structures and Functions of Coronavirus Proteins: Molecular Modeling of Viral Nucleoprotein.<\/p>\n\n\n\n<p>Tortorici, M. A., Walls, A. C., Lang, Y., Wang, C., Li, Z., Koerhuis, D., &#8230; &amp; Veesler, D. (2019). Structural basis for human coronavirus attachment to sialic acid receptors.&nbsp;<em>Nature structural &amp; molecular biology<\/em>,&nbsp;<em>26<\/em>(6), 481-489.<\/p>\n\n\n\n<p>University of Washington Health Sciences\/UW Medicine. (2016, February 26). Electron microscopy captures snapshot of structure coronaviruses use to enter cells: Atomic model suggests vaccine strategies against deadly pandemic viruses such as SARS-CoV and MERS-CoV.&nbsp;<em>ScienceDaily<\/em>. Retrieved January 31, 2020 from&nbsp;<a rel=\"noreferrer noopener\" href=\"http:\/\/www.sciencedaily.com\/releases\/2016\/02\/160226173209.htm\" target=\"_blank\">www.sciencedaily.com\/releases\/2016\/02\/160226173209.htm<\/a><\/p>\n\n\n\n<p>Veesler,&nbsp;D. (2017, October 4). Coronavirus spike postfusion structure \u2013 The Veesler Lab. https:\/\/faculty.washington.edu\/dveesler\/coronavirus-spike-postfusion-structure\/ <\/p>\n\n\n\n<p>ViralZone. (n.d.). Coronaviridae. Retrieved&nbsp;January&nbsp;31, 2020, from https:\/\/viralzone.expasy.org\/30?outline=all_by_species <\/p>\n\n\n\n<p>Webb, S. R., Smith, S. E., Fried, M. G., &amp; Dutch, R. E. (2018). Transmembrane Domains of Highly Pathogenic Viral Fusion Proteins Exhibit Trimeric Association In Vitro.&nbsp;<em>mSphere<\/em>,&nbsp;<em>3<\/em>(2), e00047-18. <\/p>\n\n\n\n<p>White, J. M., &amp; Whittaker, G. R. (2016). Fusion of enveloped viruses in endosomes.&nbsp;<em>Traffic<\/em>,&nbsp;<em>17<\/em>(6), 593-614. <\/p>\n\n\n\n<p>Woodward,&nbsp;A. (2020, January 31). The outbreaks of both the Wuhan coronavirus and SARS likely started in Chinese wet markets.&nbsp;<em>Business Insider<\/em>. https:\/\/www.businessinsider.com\/wuhan-coronavirus-chinese-wet-market-photos-2020-1 <\/p>\n\n\n\n<p>World Health Organization. (2020).&nbsp;<em>Laboratory testing of human suspected cases of novel coronavirus (\u200e\u200e\u200e nCoV)\u200e\u200e\u200e infection: interim guidance, 10 January 2020<\/em>&nbsp;(No. WHO\/2019-nCoV\/laboratory\/2020.1). World Health Organization.<\/p>\n\n\n\n<p>Wu, P., Hao, X., Lau, E. H., Wong, J. Y., Leung, K. S., Wu, J. T., &#8230; &amp; Leung, G. M. (2020). Real-time tentative assessment of the epidemiological characteristics of novel coronavirus infections in Wuhan, China, as at 22 January 2020.&nbsp;<em>Eurosurveillance<\/em>,&nbsp;<em>25<\/em>(3), 2000044.<\/p>\n\n\n\n<p>Zanin, M., Baviskar, P., Webster, R., &amp; Webby, R. (2016). The interaction between respiratory pathogens and mucus.&nbsp;<em>Cell host &amp; microbe<\/em>,&nbsp;<em>19<\/em>(2), 159-168. <\/p>\n\n\n\n<p>Zhang, C., &amp; Wang, M. (2020). Origin time and epidemic dynamics of the 2019 novel coronavirus.&nbsp;<em>bioRxiv<\/em>. <\/p>\n\n\n\n<p>Zhang, N., Wang, L., Deng, X., Liang, R., Su, M., He, C., &#8230; &amp; Du, L. Recent advances in the detection of respiratory virus infection in humans.&nbsp;<em>Journal of Medical Virology<\/em>. <\/p>\n\n\n\n<p>Zhao, S., Ran, J., MUSA, S. S., Yang, G., Lou, Y., Gao, D., &#8230; &amp; He, D. (2020). Preliminary estimation of the basic reproduction number of novel coronavirus (2019-nCoV) in China, from 2019 to 2020: A data-driven analysis in the early phase of the outbreak.&nbsp;<em>bioRxiv<\/em>.&nbsp; <\/p>\n\n\n\n<p>Zhu, H., Guo, Q., Li, M., Wang, C., Fang, Z., Wang, P., &#8230; &amp; Xiao, Y. (2020). Host and infectivity prediction of Wuhan 2019 novel coronavirus using deep learning algorithm.&nbsp;<em>bioRxiv<\/em>.<br><\/p>\n","protected":false},"excerpt":{"rendered":"<p>SPECIAL MENU: Articles Index | Research Search Engines | References AMBOSS: Medical Knowledge Distilled. (2018, July 25).&nbsp;Viruses &#8211; Part 1: Enveloped and non-enveloped viruses&nbsp;[Video]. Retrieved from https:\/\/youtu.be\/miOPtXTeHYE AMBOSS: Medical Knowledge Distilled. (2018, August 1).&nbsp;Viruses &#8211; Part 2: DNA vs. RNA viruses&nbsp;[Video]. Retrieved from https:\/\/youtu.be\/IvMnnvv5NBA AMBOSS: Medical Knowledge Distilled. (2018, August 7).&nbsp;Viruses &#8211; Part 3: Viral [&hellip;]<\/p>\n","protected":false},"author":1,"featured_media":0,"parent":0,"menu_order":0,"comment_status":"closed","ping_status":"closed","template":"template-fullwidth.php","meta":{"footnotes":""},"class_list":["post-5026","page","type-page","status-publish","hentry"],"_links":{"self":[{"href":"https:\/\/integrativewellnessandmovement.com\/iwmbasicscience\/wp-json\/wp\/v2\/pages\/5026","targetHints":{"allow":["GET"]}}],"collection":[{"href":"https:\/\/integrativewellnessandmovement.com\/iwmbasicscience\/wp-json\/wp\/v2\/pages"}],"about":[{"href":"https:\/\/integrativewellnessandmovement.com\/iwmbasicscience\/wp-json\/wp\/v2\/types\/page"}],"author":[{"embeddable":true,"href":"https:\/\/integrativewellnessandmovement.com\/iwmbasicscience\/wp-json\/wp\/v2\/users\/1"}],"replies":[{"embeddable":true,"href":"https:\/\/integrativewellnessandmovement.com\/iwmbasicscience\/wp-json\/wp\/v2\/comments?post=5026"}],"version-history":[{"count":5,"href":"https:\/\/integrativewellnessandmovement.com\/iwmbasicscience\/wp-json\/wp\/v2\/pages\/5026\/revisions"}],"predecessor-version":[{"id":5192,"href":"https:\/\/integrativewellnessandmovement.com\/iwmbasicscience\/wp-json\/wp\/v2\/pages\/5026\/revisions\/5192"}],"wp:attachment":[{"href":"https:\/\/integrativewellnessandmovement.com\/iwmbasicscience\/wp-json\/wp\/v2\/media?parent=5026"}],"curies":[{"name":"wp","href":"https:\/\/api.w.org\/{rel}","templated":true}]}}